 = -855, 4*u - u = -2*c + y. List the prime factors of c.
2, 5, 11
Let u be (-4)/6 - 44/(-12). Let q(a) = -3*a**2 + 3*a - 1. Let b be q(u). Let l(p) = -p**2 - 20*p + 21. What are the prime factors of l(b)?
2, 5
Suppose -4*o + m + 0*m + 3 = 0, o + 2*m = 12. Suppose -o*x - 4 = -2*u, -x + 16 = 4*u + 3*x. Suppose -37 = -u*b + 41. What are the prime factors of b?
2, 13
Let l(g) = -2*g - 12. Let m be l(-6). Suppose 5*c - 3*c - 114 = m. List the prime factors of c.
3, 19
Let q(x) = 3*x - x**2 + 7*x**3 - 5*x**3 - 1 + 5*x**3. List the prime factors of q(2).
3, 19
Let p(j) = 10*j**2 - 7. What are the prime factors of p(3)?
83
Suppose -4*i - 14 = -5*l + 220, -i - 231 = -5*l. Let c(n) = -n**2 - 7*n. Let z be c(-7). List the prime factors of l - (z + 4 + -2).
2, 11
Let l be 5*(45/4 - 1/4). Suppose f + l = 6*f. List the prime factors of f.
11
Suppose o = v, -2*v = 6*o - 4*o - 16. Let j(u) = -u**2 + 4*u - 4. Let b be j(v). List the prime factors of 23 + b/4 + 0.
2, 11
Let w = 229 + 516. What are the prime factors of w?
5, 149
Let o = 502 + -731. Let d = -98 - o. List the prime factors of d.
131
Let h = -69 + 70. Let t(k) = 115*k**2 + 5*k - 3. List the prime factors of t(h).
3, 13
Suppose 26*x = -0*x + 20670. What are the prime factors of x?
3, 5, 53
List the prime factors of ((-1226)/(-8))/(-3 - 117/(-36)).
613
Suppose 0 = 2*l - 16 - 86. What are the prime factors of l?
3, 17
Let s be -4 - (-3 - 0)/(-1 + 0). Suppose v = m - 18, 2*v - 5*m - 94 = 5*v. What are the prime factors of v*1*(s + 6)?
23
Let d = 132 - 117. What are the prime factors of d?
3, 5
Suppose 2*z - 3*z - 42 = 0. Let h = z - -49. List the prime factors of h.
7
Let n(c) be the second derivative of -c**5/20 - 3*c**4/4 - 5*c**3/3 - 5*c**2 - 8*c. Let v be n(-9). Let y = v + -43. What are the prime factors of y?
37
Suppose 5*a - 2*a + 17 = -q, 3*a - 15 = 0. Let o = q - -74. Suppose -5*n + o = -5*u - 203, 0 = n + 2*u - 52. What are the prime factors of n?
2, 5
Suppose 4*n = -4*o + 8*o + 5036, -5*o + 11303 = 9*n. What are the prime factors of n?
3, 419
Let i = 461 + -305. Suppose r + 5*r - i = 0. What are the prime factors of r?
2, 13
Suppose 0 = 98*m - 106*m + 5424. List the prime factors of m.
2, 3, 113
Let p = 7 + -3. Suppose -p*n + 9*n = 10. List the prime factors of n/(-7) - 372/(-28).
13
Let r(d) = -d + 10. Let u be r(11). Let a be u/(-6) - 190/(-12). Suppose p - 4*m - a = -2*p, -p + 4*m = 0. What are the prime factors of p?
2
Let g(z) = -z + 1. Let b be g(-6). Let u(k) = -k**2 + 7*k + 5. Let d be u(b). Suppose -d*n + 112 = -n. What are the prime factors of n?
2, 7
Suppose -i = 2*k - 1356, -5*k = i - 1658 + 287. What are the prime factors of i?
2, 673
Suppose 5*j - 3*j - 2 = 0. Let q(m) = 18*m. Let f be q(j). Suppose -72 = f*s - 20*s. List the prime factors of s.
2, 3
Let r(b) = -b**3 + 25*b**2 - 38*b + 36. List the prime factors of r(23).
2, 5, 11
Let g = 126 - -142. List the prime factors of g.
2, 67
Let j(n) = -4*n - 35. Let g be j(-11). What are the prime factors of (-968)/(-18) + 2/g?
2, 3
Let m = -634 + 1196. Suppose 2162 = 10*v + m. List the prime factors of v.
2, 5
Let g = -2239 - -3821. List the prime factors of g.
2, 7, 113
Suppose -4*m + 5*n = -10 + 2, 5*m + 2*n - 10 = 0. Suppose m*g - 6 = 4. Suppose 0 = o - g*x - 52, -3*o - 2*x + 71 = -0*o. List the prime factors of o.
3
Suppose -36 = -4*m + 5*o, -3*o - 2 - 2 = 2*m. Let c = m - 1. Suppose -28 = -c*h + 23. What are the prime factors of h?
17
Suppose 4527 = 19*n + 480. What are the prime factors of n?
3, 71
Suppose 2*g - 60 - 14 = 0. Let w be (-2 + 0 + 3)*g. Let h = -14 + w. List the prime factors of h.
23
Suppose -1561 = -3*g + 4*v, -4*g + 23*v + 2072 = 27*v. List the prime factors of g.
3, 173
Suppose -g - 63 = -4*g. Let z = g - 0. What are the prime factors of z?
3, 7
Let q be 10/40 - 213/(-24)*2. Let x = 13 - -41. List the prime factors of (12/q)/(2/x).
2, 3
Suppose -2*f + 11 + 5 = 3*i, 0 = -4*i + f + 25. Suppose 0 = i*a - a - 445. List the prime factors of a.
89
Let k = 2728 - 1427. List the prime factors of k.
1301
List the prime factors of -114*3*(-7)/42.
3, 19
Let x = -21 - -28. Let w(v) = -v**3 + 9*v**2 - 2*v - 6. What are the prime factors of w(x)?
2, 3, 13
Let x be (0 + -7)/(2/4). Let r(v) = 4*v + 11. Let b be r(x). What are the prime factors of (-18)/b - 36/(-10)?
2
Let f be ((-32)/10)/(6/(-900)). Suppose -m = 3*m - f. Suppose 0 = -5*x - x + m. List the prime factors of x.
2, 5
Suppose 5*q = 5*t + 80, 3*q + 3*t + 5 - 77 = 0. Let p be (3/(-4))/((-5)/q). Suppose -p = u - 57. What are the prime factors of u?
2, 3
Let m be 1/((3/(-5))/(-3)). Suppose 0 = -m*h + 3*h + 22. List the prime factors of (h/22)/(1/26).
13
Let w(n) = 5*n**3 - 2*n**2 - 11*n - 24. What are the prime factors of w(7)?
2, 379
Let m = 47 + 6. Suppose 4*x - 4*n - m = 51, n = -5*x + 154. What are the prime factors of x?
2, 3, 5
Let q(x) = 5*x**2 - 10*x + 25. Let j(m) = 56*m**2 - 112*m + 276. Let h(l) = -6*j(l) + 68*q(l). List the prime factors of h(8).
2, 59
Suppose -l - 4511 = -y, 13*y - 14*y + 5*l = -4491. What are the prime factors of y?
2, 1129
Let c(k) = 178*k + 3 + 4 - 174*k. Let o(z) = z**2 + z + 6. Let r be o(0). List the prime factors of c(r).
31
Let a = -1 - -5. Suppose -57 = a*h - 17. What are the prime factors of -68*(5/h)/1?
2, 17
Let l = 59 + -64. List the prime factors of (1/(l + 4))/(2/(-290)).
5, 29
Suppose 42 + 18 = 2*p + 2*d, -5*p - d = -142. What are the prime factors of p?
2, 7
Let s(p) = -17*p + 713. List the prime factors of s(0).
23, 31
Let x(v) be the second derivative of v**5/20 - v**4/3 - 5*v**3/3 + 15*v**2/2 + 19*v. List the prime factors of x(7).
2, 23
Let f = 735 + -440. List the prime factors of f.
5, 59
Let w be 6 - (0 + -3 + 5). Suppose 0 = -w*b - 2*y + 8, 5*b + y + 0*y = 10. Suppose 0 = 7*u - b*u - 95. What are the prime factors of u?
19
Let u(x) = 80*x**3 + x**2 + 2*x - 4. List the prime factors of u(1).
79
Let g = 3263 - 1888. What are the prime factors of g?
5, 11
Suppose 0 = 2*o - 0*t - t - 966, -4*t - 2412 = -5*o. Suppose -5*x + o = -3*x. List the prime factors of x.
2, 11
Let i = -258 - -455. List the prime factors of i.
197
Let l be (-2)/(6/7)*9. Let w = 268 + -303. Let t = l - w. What are the prime factors of t?
2, 7
Suppose -f = -5*n + 12337, -10*n + 7*n + f + 7403 = 0. List the prime factors of n.
2467
Suppose -2562 = 427*a - 433*a. List the prime factors of a.
7, 61
Let v = -5 + 5. Suppose 2*g + 125 = 7*g. Suppose v*l - g = -l. What are the prime factors of l?
5
Suppose -300 = 10*s - 22*s. Let o(v) = v**2 + 8*v + 8. Let p be o(-7). Let y = s - p. List the prime factors of y.
2, 3
Let d be 0/(-2) - (-13 + 10). Suppose 2*h - d*x = -5, 2*x - 5 + 0 = h. Suppose -h*r + 12 = -108. List the prime factors of r.
2, 3
What are the prime factors of (1316 - -3) + -5 - -4?
2, 659
What are the prime factors of (-790569)/(-741) - (-2)/19?
11, 97
Suppose -4*s = -2*n + 576, -572 = -5*n + 3*n + 5*s. Suppose 5*g = 9*g - n. What are the prime factors of g?
2, 37
Let y(z) = -z**2 - 21*z + 4. Let k be y(-10). Let m be (-8)/36 + k/27. Suppose 4*p = 3*t + 140, p + 116 = m*p - 5*t. List the prime factors of p.
2
Suppose -8 = 387*a - 385*a. Let f(i) be the third derivative of -5*i**4/24 + i**3/2 - i**2. List the prime factors of f(a).
23
Suppose -y + 49 = 2*j - 2*y, -3*j + 54 = 5*y. Let d = j - 26. What are the prime factors of (40/d)/((-4)/12)?
2, 5
Suppose -94*u + 102*u = 7808. What are the prime factors of u?
2, 61
Suppose -6*f + 2085 + 249 = 0. List the prime factors of f.
389
Let l = -109 + 71. Suppose x + 8*x - 585 = 0. Let p = x + l. What are the prime factors of p?
3
Let y = 1215 - 551. List the prime factors of y.
2, 83
Let s be (-2)/5*120/(-16). Suppose -396 = s*a - 9*a. What are the prime factors of a?
2, 3, 11
Suppose j - 92 + 7 = 0. Suppose d + 0*a - 53 = a, 5*a - j = -2*d. What are the prime factors of d?
2, 5
Suppose 0 = 198*h - 203*h + 7665. List the prime factors of h.
3, 7, 73
Let j = -588 + 618. What are the prime factors of j?
2, 3, 5
Let k(c) = 25*c**3 - c**2 - c + 1. Let h be k(1). Suppose -l + f = 4*l - 30, 3*f - h = -4*l. What are the prime factors of (-1)/l - (-515)/30?
17
Let p(b) = -b**3 - 19*b**2 - 20*b - 16. Suppose 90 = -15*l + 10*l. List the prime factors of p(l).
2, 5
Suppose 5 - 10 = -5*c. Let m(j) = 2*j 